of 142337 and 13?
13
Calculate the greatest common factor of 1191463 and 91.
91
What is the greatest common divisor of 83 and 310752?
83
What is the greatest common divisor of 11385 and 55?
55
What is the greatest common factor of 9916 and 18500?
148
What is the highest common factor of 212 and 161438?
106
What is the greatest common factor of 195 and 63615?
15
Calculate the greatest common divisor of 16 and 5912.
8
Calculate the highest common factor of 34204 and 18611.
503
Calculate the highest common factor of 195 and 33813.
39
Calculate the greatest common factor of 2500 and 850.
50
Calculate the greatest common factor of 195195 and 110.
55
What is the greatest common divisor of 24667 and 1241?
17
What is the highest common divisor of 14247277 and 11?
11
What is the greatest common factor of 16060 and 8184?
44
Calculate the highest common divisor of 2164595 and 205.
205
Calculate the highest common divisor of 2775 and 34521.
111
Calculate the greatest common factor of 137 and 73706.
137
Calculate the greatest common divisor of 4107 and 222.
111
Calculate the greatest common divisor of 41925 and 1755.
195
What is the highest common divisor of 5448 and 24?
24
What is the greatest common divisor of 825497 and 1762?
881
What is the highest common factor of 122600 and 280?
40
Calculate the highest common divisor of 80 and 39152.
16
What is the greatest common divisor of 943388 and 380?
76
What is the greatest common divisor of 33 and 383370?
3
What is the greatest common divisor of 95 and 5111?
19
What is the highest common factor of 195 and 458484?
39
What is the highest common factor of 914730 and 30?
30
What is the greatest common factor of 27664 and 3328?
208
Calculate the greatest common divisor of 3764 and 217371.
941
Calculate the highest common factor of 25 and 101795.
5
What is the highest common divisor of 17 and 45492?
17
What is the highest common divisor of 96 and 40560?
48
What is the highest common factor of 684 and 9728?
76
Calculate the highest common divisor of 335805 and 60.
15
Calculate the highest common divisor of 15820 and 61924.
452
What is the highest common factor of 20 and 478960?
20
What is the greatest common factor of 1959 and 12?
3
What is the highest common factor of 111 and 162208?
37
What is the greatest common factor of 191972 and 231?
11
Calculate the highest common divisor of 59378 and 22.
22
What is the highest common divisor of 20040 and 3880?
40
What is the highest common factor of 1850 and 267695?
185
What is the greatest common divisor of 35 and 611855?
5
What is the highest common factor of 127752 and 24?
24
Calculate the highest common factor of 10237 and 15532.
353
Calculate the highest common factor of 24 and 4971360.
24
What is the highest common divisor of 64515 and 3179?
187
Calculate the greatest common divisor of 179 and 6733801.
179
What is the highest common divisor of 63 and 828219?
21
What is the highest common factor of 4802161 and 182?
91
What is the highest common divisor of 170 and 87030?
10
Calculate the highest common divisor of 63 and 105973.
7
What is the greatest common divisor of 168 and 174552?
168
Calculate the highest common factor of 77818 and 121472.
1898
What is the greatest common divisor of 170808 and 297?
33
Calculate the greatest common divisor of 3154 and 17762.
166
Calculate the highest common divisor of 427275 and 810.
405
Calculate the greatest common divisor of 9744 and 4752.
48
What is the highest common factor of 16337 and 217?
31
What is the greatest common factor of 9588 and 16116?
204
What is the highest common divisor of 11638755 and 219?
219
What is the highest common divisor of 344 and 438213?
43
What is the greatest common factor of 38430 and 140?
70
Calculate the highest common divisor of 4250 and 1037.
17
Calculate the highest common factor of 153 and 13077.
9
What is the highest common divisor of 280 and 79912?
56
Calculate the highest common factor of 238 and 62454.
14
Calculate the greatest common divisor of 24996 and 24.
12
Calculate the greatest common factor of 22548 and 12.
12
What is the highest common divisor of 120 and 75288?
24
What is the highest common divisor of 13621 and 1799?
257
Calculate the highest common factor of 19323 and 267471.
1017
Calculate the highest common divisor of 91050 and 6750.
150
Calculate the highest common divisor of 1200 and 6704.
16
Calculate the greatest common divisor of 108768 and 33.
33
Calculate the highest common factor of 6214 and 169.
13
Calculate the greatest common divisor of 325 and 3159.
13
Calculate the greatest common factor of 19452 and 372.
12
Calculate the highest common divisor of 42 and 7926.
6
What is the greatest common divisor of 4151 and 1141?
7
What is the greatest common divisor of 709316 and 24512?
1532
What is the greatest common factor of 74070 and 90?
90
Calculate the greatest common factor of 8619 and 76557.
507
What is the greatest common factor of 88 and 159136?
8
Calculate the highest common factor of 2220 and 3240090.
1110
Calculate the greatest common factor of 947100 and 21450.
1650
What is the greatest common divisor of 884208 and 327?
327
Calculate the greatest common factor of 5360 and 1646860.
1340
What is the highest common factor of 3841322 and 92?
46
What is the highest common divisor of 2596 and 143?
11
What is the greatest common divisor of 31 and 471?
1
Calculate the highest common factor of 213 and 405694.
71
What is the greatest common divisor of 76 and 5206?
38
What is the greatest common factor of 530465 and 650?
65
Calculate the highest common divisor of 7858536 and 1613.
1613
Calculate the highest common divisor of 1287 and 5674383.
1287
What is the highest common divisor of 92728 and 268?
268
What is the greatest common factor of 17724249 and 531?
531
Calculate the highest common factor of 162636 and 12.
12
Calculate the greatest common divisor of 414 and 315054.
414
What is the highest common divisor of 505087 and 2431?
187
What is the greatest common factor of 6840 and 1016?
8
What is the greatest common divisor of 148 and 16260?
4
Calculate the highest common divisor of 739956 and 12.
12
Calculate the highest common divisor of 11 and 278751.
11
Calculate the highest common factor of 35026 and 5561.
83
What is the highest common factor of 1075 and 300?
25
Calculate the highest common factor of 8 and 43048.
8
What is the highest common factor of 2630 and 230?
10
What is the greatest common divisor of 469 and 431748?
67
What is the highest common factor of 1638 and 49014?
126
What is the greatest common divisor of 612 and 216189?
153
What is the highest common divisor of 67060 and 140?
140
Calculate the highest common factor of 3949319 and 771.
257
What is the highest common factor of 4155 and 462590?
1385
What is the greatest common factor of 2240 and 2100?
140
Calculate the greatest common factor of 416514 and 266.
14
What is the highest common factor of 55594 and 242?
22
What is the greatest common factor of 179946 and 19422?
234
Calculate the highest common divisor of 8888 and 308.
44
What is the greatest common factor of 20093 and 2627?
71
Calculate the highest common factor of 300751 and 209.
209
What is the highest common divisor of 6127 and 187?
11
What is the greatest common factor of 198 and 19503?
99
What is the greatest common factor of 508 and 630047?
127
What is the greatest common divisor of 2976 and 120?
24
Calculate the greatest common factor of 1407868 and 28.
28
What is the greatest common divisor of 98 and 9923333?
49
Calculate the highest common divisor of 409532 and 344.
172
What is the greatest common divisor of 41511 and 1644?
411
Calculate the greatest common factor of 943 and 5083.
23
What is the highest common factor of 6554 and 1537?
29
Calculate the highest common divisor of 7889604 and 24.
12
What is the greatest common factor of 58737 and 3297?
21
Calculate the greatest common factor of 253 and 9647.
11
Calculate the greatest common factor of 52988 and 1339.
13
Calculate the highest common factor of 2646 and 10746.
54
What is the highest common divisor of 3755 and 358227?
751
Calculate the highest common divisor of 280701 and 153.
9
What is the greatest common factor of 426935 and 15?
5
What is the greatest common divisor of 282